44.
43
What is the remainder when 170520 is divided by 24360?
0
Calculate the remainder when 261 is divided by 239.
22
Calculate the remainder when 20437 is divided by 5100.
37
Calculate the remainder when 4438 is divided by 735.
28
Calculate the remainder when 3552 is divided by 295.
12
What is the remainder when 3213 is divided by 26?
15
What is the remainder when 11721 is divided by 46?
37
What is the remainder when 618790 is divided by 708?
706
Calculate the remainder when 2530 is divided by 145.
65
Calculate the remainder when 510950 is divided by 34063.
5
Calculate the remainder when 3035 is divided by 704.
219
What is the remainder when 44801 is divided by 22275?
251
What is the remainder when 17365 is divided by 2157?
109
Calculate the remainder when 36935 is divided by 616.
591
What is the remainder when 9852 is divided by 997?
879
Calculate the remainder when 51783 is divided by 11.
6
Calculate the remainder when 241457 is divided by 21.
20
What is the remainder when 3582 is divided by 223?
14
Calculate the remainder when 168944 is divided by 228.
224
What is the remainder when 3347978 is divided by 860?
858
Calculate the remainder when 22486 is divided by 3.
1
Calculate the remainder when 102413 is divided by 420.
353
What is the remainder when 3316212 is divided by 982?
980
Calculate the remainder when 92662 is divided by 337.
324
What is the remainder when 320868 is divided by 696?
12
What is the remainder when 44079 is divided by 18?
15
What is the remainder when 2535 is divided by 140?
15
Calculate the remainder when 57666 is divided by 28830.
6
What is the remainder when 32373 is divided by 38?
35
What is the remainder when 42043 is divided by 6005?
8
Calculate the remainder when 1224777 is divided by 30.
27
Calculate the remainder when 25960 is divided by 145.
5
What is the remainder when 14396 is divided by 291?
137
Calculate the remainder when 66877 is divided by 141.
43
Calculate the remainder when 2186 is divided by 413.
121
What is the remainder when 30182 is divided by 351?
347
What is the remainder when 804317 is divided by 1495?
7
Calculate the remainder when 9824 is divided by 4.
0
Calculate the remainder when 4293 is divided by 695.
123
What is the remainder when 75241 is divided by 56?
33
What is the remainder when 4397 is divided by 2195?
7
What is the remainder when 307 is divided by 44?
43
Calculate the remainder when 372 is divided by 134.
104
Calculate the remainder when 102678 is divided by 2775.
3
Calculate the remainder when 9397 is divided by 4.
1
What is the remainder when 313397 is divided by 46?
45
Calculate the remainder when 450999 is divided by 19.
15
Calculate the remainder when 75206 is divided by 131.
12
Calculate the remainder when 206206 is divided by 9.
7
Calculate the remainder when 49378 is divided by 16436.
70
What is the remainder when 12910 is divided by 12?
10
Calculate the remainder when 52888 is divided by 41.
39
What is the remainder when 22294 is divided by 5462?
446
What is the remainder when 224571 is divided by 74853?
12
What is the remainder when 31268 is divided by 336?
20
What is the remainder when 568000 is divided by 189330?
10
What is the remainder when 44854 is divided by 19?
14
What is the remainder when 4905645 is divided by 11?
8
What is the remainder when 2867 is divided by 567?
32
Calculate the remainder when 6059348 is divided by 110.
108
What is the remainder when 49075 is divided by 450?
25
What is the remainder when 7456 is divided by 1478?
66
What is the remainder when 1917 is divided by 574?
195
Calculate the remainder when 115554 is divided by 38.
34
Calculate the remainder when 4638 is divided by 1098.
246
What is the remainder when 2218 is divided by 480?
298
What is the remainder when 15372 is divided by 551?
495
What is the remainder when 169248 is divided by 140?
128
What is the remainder when 2667 is divided by 855?
102
Calculate the remainder when 697731 is divided by 177.
174
Calculate the remainder when 615575 is divided by 694.
691
Calculate the remainder when 321567 is divided by 443.
392
What is the remainder when 5296 is divided by 40?
16
Calculate the remainder when 40879 is divided by 70.
69
Calculate the remainder when 2591 is divided by 391.
245
Calculate the remainder when 219400 is divided by 651.
13
What is the remainder when 9018 is divided by 787?
361
What is the remainder when 2502 is divided by 222?
60
Calculate the remainder when 3858 is divided by 1291.
1276
Calculate the remainder when 3415 is divided by 175.
90
What is the remainder when 49317 is divided by 352?
37
What is the remainder when 567823 is divided by 40?
23
What is the remainder when 43914 is divided by 90?
84
What is the remainder when 43712 is divided by 2080?
32
Calculate the remainder when 175458 is divided by 33.
30
What is the remainder when 204 is divided by 187?
17
What is the remainder when 20658 is divided by 333?
12
What is the remainder when 5005 is divided by 75?
55
Calculate the remainder when 68786 is divided by 217.
214
Calculate the remainder when 36852 is divided by 12276.
24
What is the remainder when 81524 is divided by 19?
14
What is the remainder when 315123 is divided by 991?
976
What is the remainder when 26885 is divided by 441?
425
Calculate the remainder when 6860 is divided by 30.
20
Calculate the remainder when 1772 is divided by 199.
180
Calculate the remainder when 12548 is divided by 64.
4
Calculate the remainder when 31326 is divided by 2222.
218
What is the remainder when 4670 is divided by 4621?
49
What is the remainder when 17151 is divided by 2428?
155
What is the remainder when 490320 is divided by 137?
134
What is the remainder when 1598865 is divided by 138?
135
What is the remainder when 35440 is divided by 66?
64
What is the remainder when 1613118 is divided by 1069?
1066
What is the remainder when 45097 is divided by 22?
19
What is the remainder when 13930 is divided by 936?
826
Calculate the remainder when 639 is divided by 15.
9
What is the remainder when 3220 is divided by 1398?
424
What is the remainder when 6237 is divided by 445?
7
Calculate the remainder when 21671 is divided by 10831.
9
What is the remainder when 4416 is divided by 1084?
80
What is the remainder when 5269 is divided by 1310?
29
Calculate the remainder when 13319 is divided by 939.
173
Calculate the remainder when 5042 is divided by 999.
47
What is the remainder when 8149 is divided by 8128?
21
Calculate the remainder when 5697 is divided by 519.
507
What is the remainder when 1439 is divided by 835?
604
What is the remainder when 686699 is divided by 28?
27
Calculate the remainder when 351060 is divided by 35.
10
Calculate the remainder when 880647 is divided by 475.
472
What is the remainder when 9130 is divided by 827?
33
Calculate the remainder when 4777 is divided by 108.
25
Calculate the remainder when 139072 is divided by 76.
68
What is the remainder when 8814 is divided by 1252?
50
What is the remainder when 183751 is divided by 20?
11
Calculate the remainder when 212857 is divided by 2838.
7
Calculate the remainder when 598 is divided by 297.
4
Calculate the remainder when 1532 is divided by 32.
28
What is the remainder when 2613 is divided by 75?
63
Calculate the remainder when 1847 is divided by 232.
223
What is the remainder when 6851 is divided by 34?
17
What is the remainder when 103893 is divided by 20?
13
Calculate the remainder when 269118 is divided by 2070.
18
Calculate the remainder when 1744 is divided by 106.
48
What is the remainder when 5954 is divided by 89?
80
What is the remainder when 39493 is divided by 77?
69
What is the remainder when 1372318 is divided by 96?
94
Calculate the remainder when 501 is divided by 233.
35
What is the remainder when 6762 is divided by 2234?
60
Calculate the remainder when 184988 is divided by 188.
184
What is the remainder when 67629 is divided by 2113?
13
Calculate the remainder when 37292 is divided by 9308.
60
What is the remainder when 40644 is divided by 533?
136
Calculate the remainder when 43831 is divided by 888.
319
What is the remainder when 24173 is divided by 113?
104
Calculate the remainder when 231811 is divided by 476.
475
Calculate the remainder when 11466 is divided by 11454.
12
